of g?
4
Let g(i) = -18*i + 63. Let l be g(3). Suppose 1152 = 11*u - l*u. What is the hundreds digit of u?
5
Suppose 0 = 8*j - 5*j + 4*c - 43290, 8*c - 28860 = -2*j. What is the ten thousands digit of j?
1
Suppose 5*s = 3*x - 26297 + 196308, 3*s = -x + 102015. What is the units digit of s?
4
Let c = 39 + -35. Suppose -48 = c*k - 8*k. What is the tens digit of (2 - 3)*-13*(k + 1)?
6
Let k be (6/(-24))/(1/(-8)). Suppose 508 = -k*h + 1276. Let j = h - 256. What is the tens digit of j?
2
Suppose 3*j - 4*u + 2 = 0, -5*j = -2*u - u + 7. What is the tens digit of ((-14)/1 - j)/((-20)/610)?
6
Suppose -5*v + 395 = -5*m, -3*v + 352 = v + 5*m. Let w be 4/((-13379)/(-51)*3/(-113) + 7). Let c = w - v. What is the tens digit of c?
3
Let z = 20795 - 12757. What is the units digit of z?
8
Let d(a) = 2*a**3 - 15*a + 13 + 4*a**2 - a**3 - 2*a**3 - 19*a**2. What is the units digit of d(-15)?
8
Let x = 27636 - 16322. What is the tens digit of x?
1
Suppose -2*j + 13 = -3*h, 5*j = -h + 4*h + 28. Let y be (-15)/j + 649 - -2. Suppose 0 = -0*p + 4*p - 3*z - y, 644 = 4*p - 2*z. What is the tens digit of p?
5
Let p(g) = -15*g + 50. Let c be p(6). Let i = 74 - 49. Let s = i - c. What is the tens digit of s?
6
Let w(a) = -a**3 + 16*a**2 - 29*a + 10. Let z be w(14). What is the hundreds digit of 9/(-3) - z - 230/(-2)?
1
Let t(m) = 2*m**3 - 13*m**2 - 6*m + 65. What is the hundreds digit of t(10)?
7
Let m = -59 - -63. Suppose -443 = -2*n - 3*u, 4*n - m*u - 879 = -3*u. Let i = 464 - n. What is the hundreds digit of i?
2
Let n(w) = -46*w + 1045. What is the units digit of n(-71)?
1
Let b(o) = -11*o + 252. Let v be b(21). What is the tens digit of (-46386)/(-63) - 6/v?
3
Let o(x) = -3*x**3 - 8*x**2 - 53*x - 21. What is the units digit of o(-11)?
7
Let f(v) = 11*v + 3. Let q be f(-6). Let z = -2 - q. Let i = 112 - z. What is the units digit of i?
1
Let w = -10162 + 14238. What is the units digit of w?
6
Let o be (42/49)/(3/14). Suppose o*r - 472 = -92. Suppose 86*g - 81*g = r. What is the tens digit of g?
1
Let a be 1 + (-139 - -2)*(-6)/2. Suppose -3*x + 5*x - a = 4*s, -2*s + 6 = 0. What is the units digit of x?
2
Let s(z) = -853*z**3 - 6*z**2 + 40*z + 68. What is the thousands digit of s(-2)?
6
Let g = 65 - -145. Let s = g + -327. Let o = s - -168. What is the units digit of o?
1
Suppose 0*x + 16445 = -23*x. Let h = 1151 + x. What is the tens digit of h?
3
Suppose -3*k + 351 = 3*t - 66, -3*t - 2*k + 413 = 0. Suppose 0 = 4*b - 5 - t. Suppose b = 8*c - 333. What is the tens digit of c?
4
Let u = 20 + -3. Let i(f) = 18*f**2 - 49 - f**3 + 12 - 15*f + 38. What is the units digit of i(u)?
5
Let w(f) = 29*f**2 + 36*f + 9. Let t be -4*(-6 - (-90)/12). What is the hundreds digit of w(t)?
8
Let i(x) = 945*x - 5154. What is the thousands digit of i(47)?
9
Let s(x) = -2*x**2 - 10*x + 15804. What is the hundreds digit of s(0)?
8
Suppose -2*s - s - 5*h + 51 = 0, -5*h = -2*s + 59. Let g = s - -24. Let u = g - 36. What is the units digit of u?
0
Let d be (-5*4/8)/(2/(-4)). Let t be (-1)/2*-2*d. Suppose -t*s = -54 - 346. What is the units digit of s?
0
Let r = -166 - -276. Suppose g + 105 - r = 0. Suppose -3*d + 663 = g*t, 4*t + 169 - 717 = 2*d. What is the hundreds digit of t?
1
Let r be ((-789)/9)/((-14)/42). Suppose -1706 = -3*j - r. What is the hundreds digit of j?
4
Let r(c) = 2*c**2 - 53*c + 17. Let v be r(26). What is the tens digit of (14 + v - -750) + -9?
4
Suppose 5*k - 3*k - 8 = 0. Suppose -k*t = t - 30. Suppose 96 = t*a - 0. What is the units digit of a?
6
Let t(c) = -7*c + 50. Let q be t(7). What is the tens digit of 16536/364*(-1 + q + 21)?
5
Suppose -2016*s + 2015*s + 43729 = w, -s + 2*w + 43750 = 0. What is the ten thousands digit of s?
4
Suppose -72*t = -66*t - 24. Suppose -2*r + 6 + t = 0. What is the units digit of r*(-4 - (-205)/25)?
1
Let q = 26 + -118. Let k = q + 106. Let a(v) = -v**3 + 15*v**2 - 4*v - 6. What is the units digit of a(k)?
4
Let t = -33 - -13. Let g be 8/t + 408/20. What is the units digit of -4*(-135)/g*(-8)/(-3)?
2
What is the units digit of -6 + 13813 + 1 + -9?
9
Suppose 1404 = 20*v - 19*v - 585. What is the thousands digit of v?
1
Let b be (-104675)/(-265) + 3/((-6)/(-8)). Let p = 341 + b. What is the tens digit of p?
4
Suppose -11*x - 5*b = -6*x - 43710, -2*x = -2*b - 17500. What is the tens digit of x?
4
Let n(q) = -1439*q - 8906. What is the units digit of n(-40)?
4
Let v = -94 - -96. Suppose -127 = -v*f - i, 12 = -f + 5*i + 92. Let c = 84 + f. What is the units digit of c?
9
Let m(p) = -13*p**2 + 1618*p + 65. What is the hundreds digit of m(123)?
4
Let s(o) = -2*o - 4. Let f(d) = d + 1. Let n = 15 + -19. Let i(a) = n*f(a) - s(a). What is the tens digit of i(-8)?
1
Let n = -22717 - -40279. What is the units digit of n?
2
Suppose 7*v = 2*v + 2*g + 6840, 4*v - 4*g = 5460. Suppose -v = -3*c - 2*c. Suppose 3*y + 2*m - c = 0, 5*y + m - 5*m = 464. What is the tens digit of y?
9
What is the thousands digit of 10*(-58404)/(-18) - (-19)/57?
2
Let y(l) = -l**3 + 4*l**2 + 3*l - 4. Let x be y(4). Let z(u) = -2*u + 18. Let b be z(x). Suppose b*j + 29 = t, 5*j = 5*t - 137 + 2. What is the tens digit of t?
2
Suppose 4*h + 10 = 14*h. Suppose 0*j - 3*j = 5*q - 22, 0 = j + h. Suppose -y + 30 = y + q*d, -y = 5*d - 25. What is the units digit of y?
5
Let u = -11619 + 30306. What is the thousands digit of u?
8
Suppose -18*x + 17*x = 2*b - 568, -b = -x + 562. Suppose -5*k = k - x. What is the units digit of k?
4
Let j(y) be the second derivative of -y**4/12 + 20*y**2 + 37*y. What is the units digit of j(-6)?
4
Suppose c = -2*o + 7010, 3*o = c - 2738 - 4292. What is the hundreds digit of c?
0
Let w = -186 - 264. Let n = w - -1506. What is the hundreds digit of n?
0
Let p = -416 - -409. Let d(k) = -k**2 - 10*k + 3. Let m(x) = 2*x**2 + 31*x - 10. Let z(h) = -7*d(h) - 2*m(h). What is the units digit of z(p)?
0
Let q(t) = 402*t**2 - 16*t - 31. Let n be q(-2). Suppose -7*b + n + 3186 = 0. What is the hundreds digit of b?
6
Suppose -3*h - 2*v = -3090, v - 3090 = -3*h + 2*v. Suppose -3*g - 3*c = -882, 3*g - c - h + 160 = 0. What is the hundreds digit of g?
2
Suppose 0 = 5*o - 1605*y + 1609*y - 113914, -y = o - 22784. What is the tens digit of o?
7
Let b = 9419 - 1492. Suppose -15*j - 1837 + b = 0. What is the hundreds digit of j?
4
Let b(m) be the second derivative of -17*m**5/20 - m**3/6 + m**2/2 - m. Suppose -5*l + 2 = -y, -4 = 14*y - 12*y + 2*l. What is the units digit of b(y)?
9
Suppose -3475857 + 782195 = -85*k + 125363. What is the tens digit of k?
6
Let i(s) = -95*s + 35. Let h be i(-2). Suppose 14*m - 6091 + h = 0. What is the units digit of m?
9
Suppose -31*f = 69*f - 960400. What is the thousands digit of f?
9
Let i(f) = f**2 - 6. Let x be i(6). Suppose 0 = -5*v - 10 + x. Suppose q + 112 = v*k, 0 = k + 3*k + 3*q - 96. What is the units digit of k?
7
Suppose -2 + 27 = 25*o. What is the hundreds digit of 5/(-45)*-3*(2335 - o)?
7
Suppose 3*v = 4*x + 5623, -5*v - 4*x + 4394 = -4967. Let b = v + -430. What is the thousands digit of b?
1
Suppose 4*l - 316 = -q, -30*l + 4*q = -31*l + 94. What is the hundreds digit of ((-804)/(-18))/(4/l)?
8
Suppose -76208 + 8 = -12*r. What is the units digit of r?
0
Let j(b) = 7*b**3 + 5*b**2 + 23*b - 55. What is the thousands digit of j(17)?
6
Let p = -45061 + 64548. What is the ten thousands digit of p?
1
Let o(s) = 5*s + 14. Let d(n) = 11*n + 29. Let m(a) = -6*d(a) + 13*o(a). Let q be m(-12). What is the units digit of 10*q/8*34/10?
5
Suppose -1101*m + 1095*m + 4566 = 0. What is the tens digit of m?
6
Suppose -79*g = -53*g - 49*g + 297551. What is the thousands digit of g?
2
Let j = 17 + -6. Let l(h) = 21*h - 5 + 5 + 4 + 3. What is the hundreds digit of l(j)?
2
Let c(t) = 457*t**2 + 10*t + 11. Let k = -47 + 46. What is the units digit of c(k)?
8
Let m = -195 + 187. What is the hundreds digit of ((-14310)/(-60))/((-6)/m)?
3
Let w = -45 - -60. Let z = 15 + w. Suppose -4*v - k = -4*k - 90, v + 3*k - z = 0. What is the units digit of v?
4
Let h(d) = -18*d**3 - 36*d**2 + 32*d + 503. What is the ten thousands digit of h(-13)?
3
Let o be -5*19/(-2)*312/(-30). Let y = o - -765. What is the units digit of y?
1
Let q(v) = -2*v**2 - 13*v + 16. Let f be q(-6). Suppose a - f*h = -24*h + 55, a + h = 55. What is the tens digit of a?
5
Let t(q) = -q**3 